{"id":662,"date":"2018-04-01T21:05:37","date_gmt":"2018-04-01T21:05:37","guid":{"rendered":"http:\/\/xn--schtzenhaus-oftersheim-ulc.com\/?page_id=662"},"modified":"2018-04-05T13:30:37","modified_gmt":"2018-04-05T13:30:37","slug":"feste-feiern","status":"publish","type":"page","link":"https:\/\/xn--schtzenhaus-oftersheim-ulc.com\/?page_id=662","title":{"rendered":"Feste Feiern"},"content":{"rendered":"<p>[vc_row][vc_column][vc_separator][vc_column_text]<\/p>\n<h4><strong>IHRE FEIER IM SCH\u00dcTZENHAUS<\/strong><\/h4>\n<p>Sie haben die M\u00f6glichkeit unsere R\u00e4umlichkeiten f\u00fcr Ihr Event zu nutzen. Profitieren Sie dabei von unserer langj\u00e4hrigen Erfahrung und unseren Partnern. Wir unterst\u00fctzen Sie von Anfang bis Ende mit Rat und Tat &#8211; wenn Sie das wollen.<br \/>\nIhnen stehen bei uns zwei grundlegend unterschiedliche R\u00e4umlichkeiten zur Verf\u00fcgung.<\/p>\n<p>Zum Einen k\u00f6nnen Sie den\u00a0<u>Restaurantbereich<\/u>\u00a0(bis zu 120 Personen)\u00a0nutzen. W\u00e4nde aus Naturstein, eine riesige Fensterfront, hohe Decken, entspannte Beleuchtung und direkt vor der Bar eine Tanzfl\u00e4che &#8211; perfekt f\u00fcr Hochzeiten und Geburtstage.<br \/>\nZum Anderen haben Sie die Chance unser\u00a0<u>Sch\u00fctzenst\u00fcbchen<\/u>\u00a0(bis zu 60 Personen)\u00a0f\u00fcr Ihr Event zu buchen. Die Sitzm\u00f6glichkeiten entlang der Wand bestehen aus hellem Eichenholz, genauso wie der runde Tresen. Der hintere Bereich ist leicht erh\u00f6ht und bietet so die M\u00f6glichkeit den \u00dcberblick zu behalten. Das Sch\u00fctzenst\u00fcbchen befindet sich im Keller abseits der Restaurantbesucher und ist ideal f\u00fcr Firmenfeiern.[\/vc_column_text][vc_media_grid element_width=&#8220;3&#8243; gap=&#8220;10&#8243; item=&#8220;mediaGrid_ScaleWithRotation&#8220; initial_loading_animation=&#8220;none&#8220; grid_id=&#8220;vc_gid:1522935025916-929bde09-e926-9&#8243; include=&#8220;492,488,486,560&#8243;][vc_column_text]<\/p>\n<h4><strong>HOCHZEITEN<\/strong><\/h4>\n<p>Der sch\u00f6nste Tag im Leben beginnt\u2026 mit einem langen Vorlauf, viel Organisation und gef\u00fchlt viel zu wenig Zeit. Gut, wenn man dann einen kompetenten Partner an seiner Seite hat. Wir helfen Ihnen von Anfang bis Ende und lassen Sie nicht alleine, denn wir wollen, dass Ihre Hochzeit wirklich der sch\u00f6nste Tag im Leben wird. Tischdeko, Blumen, Beleuchtung. Essen, Getr\u00e4nke, Musik. Das Einzige, bei dem wir Ihnen nicht helfen k\u00f6nnen, ist die Auswahl Ihres Partners.<br \/>\nVor allem der Restaurantbereich ist optimal um Ihre Hochzeit zu feiern, denn zur Hochsaison ist es meistens sehr warm. Gut, dass wir die Fensterfront f\u00fcr Sie \u00f6ffnen und Sie raus auf die Terrasse tanzen k\u00f6nnen. Und wenn es dann doch etwas k\u00fchler wird, feiern Sie einfach im Sch\u00fctzenst\u00fcbchen weiter.[\/vc_column_text][vc_media_grid element_width=&#8220;3&#8243; gap=&#8220;10&#8243; item=&#8220;mediaGrid_ScaleWithRotation&#8220; initial_loading_animation=&#8220;none&#8220; grid_id=&#8220;vc_gid:1522935025917-69c4e570-8503-0&#8243; include=&#8220;667,668,669,670&#8243; css=&#8220;.vc_custom_1522627107881{background-color: #ffffff !important;}&#8220;][vc_column_text]<\/p>\n<h4><strong>FIRMENFEIERN<\/strong><\/h4>\n<p>Sie wollen Ihren Mitarbeitern nicht wieder die Kantine als bestm\u00f6gliche Location f\u00fcr Ihre Weihnachtsfeier verkaufen? Das Sommerfest soll mehr bieten, als den Ausblick auf die offene Werkstatt und die sich stapelnde Arbeit? Na dann los, schlie\u00dflich haben Sie die M\u00f6glichkeit unser Sch\u00fctzenst\u00fcbchen zu nutzen. Die gem\u00fctliche, einladende Atmosph\u00e4re macht Ihr Firmenevent zu etwas Besonderem. Ihre Mitarbeiter werden es Ihnen wahrscheinlich schon am runden Tresen danken. Im Sommer bietet sich der Restaurantbereich an: Fensterfront \u00f6ffnen und die Terrasse mitbenutzen &#8211; bis sp\u00e4t in die Nacht.<\/p>\n<p>Lassen Sie Ihren W\u00fcnschen freien Lauf. Wir versichern Ihnen: Es ist (fast) alles m\u00f6glich!<\/p>\n<p>Sprechen Sie uns an:<\/p>\n<p>Telefon 06202 &#8211; 6070108<br \/>\nE-Mail: info(at)schuetzenhaus-oftersheim(dot)de[\/vc_column_text][vc_media_grid element_width=&#8220;3&#8243; gap=&#8220;10&#8243; item=&#8220;mediaGrid_ScaleWithRotation&#8220; initial_loading_animation=&#8220;none&#8220; grid_id=&#8220;vc_gid:1522935025918-60953de9-d5ac-9&#8243; include=&#8220;682,683,684,685&#8243; css=&#8220;.vc_custom_1522627116996{background-color: #ffffff !important;}&#8220;]<div class=\"hgr_team_wrap \"><div class=\" hgr_team_members tab-content\"><\/div><div class=\"team_nav\" style=\"background-color:#e2e1dc; min-height:80px;\"><ul class=\"nav nav-tabs\" id=\"teamTab\"><\/ul>\n<\/div><\/div><script type=\"text\/javascript\">\n\t\t\t\t\t\tjQuery(document).ready(function() {\n\t\t\t\t\t\t\t\n\t\t\t\t\t\t\t\/\/ Tabs navigation next prev\n\t\t\t\t\t\t\tvar $tabs = jQuery(\"#teamTab li\");\n\t\t\t\t\t\t\tjQuery(\".team_left\").on(\"click\", function() {\n\t\t\t\t\t\t\t\t$tabs.filter(\".active\").prev(\"li\").find(\"a[data-toggle=\\\"tab\\\"]\").tab(\"show\");\n\t\t\t\t\t\t\t});\n\t\t\t\t\t\t\tjQuery(\".team_right\").on(\"click\", function() {\n\t\t\t\t\t\t\t\t$tabs.filter(\".active\").next(\"li\").find(\"a[data-toggle=\\\"tab\\\"]\").tab(\"show\");\n\t\t\t\t\t\t\t});\t\n\t\t\t\t\t\t\t\n\t\t\t\t\t\t\t\/\/ reset bars before tab shown\n\t\t\t\t\t\t\tjQuery(\"#teamTab a[data-toggle=\\\"tab\\\"]\").on(\"show.bs.tab\", function (e) {\n\t\t\t\t\t\t\t  jQuery(e.target).each(function() {\n\t\t\t\t\t\t\t\t jQuery(\".skillfill\").each(function() {\n\t\t\t\t\t\t\t\t\tvar fill = jQuery(this).attr(\"data-value\");\n\t\t\t\t\t\t\t\t\tjQuery(this).animate({\n\t\t\t\t\t\t\t\t\t\t\"width\": \"0%\"\n\t\t\t\t\t\t\t\t\t}, 1, function() {\n\t\t\t\t\t\t\t\t\t});\n\t\t\t\t\t\t\t\t\tjQuery(this).css(\"overflow\",\"visible\");\n\t\t\t\t\t\t\t\t\tjQuery(this).css(\"background-color\",\"#80c8ac\");\n\t\t\t\t\t\t\t\t});\n\t\t\t\t\t\t\t  });\n\t\t\t\t\t\t\t});\n\t\t\t\t\t\t\t\n\t\t\t\t\t\t\t\/\/ on tab shown, animate the bars\n\t\t\t\t\t\t\tjQuery(\"#teamTab a[data-toggle=\\\"tab\\\"]\").on(\"shown.bs.tab\", function (e) {\n\t\t\t\t\t\t\t  jQuery(e.target).each(function() {\n\t\t\t\t\t\t\t\t jQuery(\".skillfill\").each(function() {\n\t\t\t\t\t\t\t\t\tvar fill = jQuery(this).attr(\"data-value\");\t\t\t\t\t\n\t\t\t\t\t\t\t\t\tjQuery(this).animate({\n\t\t\t\t\t\t\t\t\t\twidth: fill+\"%\"\n\t\t\t\t\t\t\t\t\t}, { duration: 1500, queue: false });\n\t\t\t\t\t\t\t\t});\n\t\t\t\t\t\t\t  });\n\t\t\t\t\t\t\t});\n\t\t\t\t\t\t\t\n\t\t\t\t\t\t\tif( \/Android|webOS|iPhone|iPad|iPod|BlackBerry|IEMobile|Opera Mini\/i.test(navigator.userAgent) ) {\n\t\t\t\t\t\t\t\tjQuery(\"#teamTab a:first\").tab(\"show\");\n\t\t\t\t\t\t\t\tjQuery(\".hgr_team_members div:first\").addClass(\"in\").addClass(\"active\");\n\t\t\t\t\t\t\t\tjQuery(\".hgr_team_members div:first\").addClass(\"in\").addClass(\"active\");\n\t\t\t\t\t\t\t\t\n\t\t\t\t\t\t\t\tjQuery(\".skillfill\").each(function() {\n\t\t\t\t\t\t\t\t\tvar fill = jQuery(this).attr(\"data-value\");\t\t\t\t\t\n\t\t\t\t\t\t\t\t\tjQuery(this).animate({\n\t\t\t\t\t\t\t\t\t\twidth: fill+\"%\"\n\t\t\t\t\t\t\t\t\t}, { duration: 1500, queue: false });\n\t\t\t\t\t\t\t\t});\n\t\t\t\t\t\t\t\t\n\t\t\t\t\t\t\t} else {\t\t\t\n\t\t\t\t\t\t\t\tjQuery(\"#teamTab a:first\").appear(function() {\n\t\t\t\t\t\t\t\t\tjQuery(this).tab(\"show\");\n\t\t\t\t\t\t\t\t\tjQuery(\".hgr_team_members div:first\").addClass(\"in\").addClass(\"active\");\n\t\t\t\t\t\t\t\t\tjQuery(\".hgr_team_members div:first\").addClass(\"in\").addClass(\"active\");\n\t\t\t\t\t\t\t\t});\n\t\t\t\t\t\t\t}\n\n\t\t\t\t\t\t});\n\t\t\t\t\t\t<\/script>[\/vc_column][\/vc_row]<\/p>\n","protected":false},"excerpt":{"rendered":"<p>[vc_row][vc_column][vc_separator][vc_column_text] IHRE FEIER IM SCH\u00dcTZENHAUS Sie haben die M\u00f6glichkeit unsere R\u00e4umlichkeiten f\u00fcr Ihr Event zu nutzen. Profitieren Sie dabei von unserer langj\u00e4hrigen Erfahrung und unseren Partnern. Wir unterst\u00fctzen Sie von Anfang bis Ende mit Rat und Tat &#8211; wenn Sie das wollen. Ihnen stehen bei uns zwei grundlegend unterschiedliche R\u00e4umlichkeiten zur Verf\u00fcgung. Zum Einen k\u00f6nnen [&hellip;]<\/p>\n","protected":false},"author":1,"featured_media":0,"parent":0,"menu_order":0,"comment_status":"closed","ping_status":"closed","template":"","meta":{"footnotes":""},"class_list":["post-662","page","type-page","status-publish","hentry"],"_links":{"self":[{"href":"https:\/\/xn--schtzenhaus-oftersheim-ulc.com\/index.php?rest_route=\/wp\/v2\/pages\/662","targetHints":{"allow":["GET"]}}],"collection":[{"href":"https:\/\/xn--schtzenhaus-oftersheim-ulc.com\/index.php?rest_route=\/wp\/v2\/pages"}],"about":[{"href":"https:\/\/xn--schtzenhaus-oftersheim-ulc.com\/index.php?rest_route=\/wp\/v2\/types\/page"}],"author":[{"embeddable":true,"href":"https:\/\/xn--schtzenhaus-oftersheim-ulc.com\/index.php?rest_route=\/wp\/v2\/users\/1"}],"replies":[{"embeddable":true,"href":"https:\/\/xn--schtzenhaus-oftersheim-ulc.com\/index.php?rest_route=%2Fwp%2Fv2%2Fcomments&post=662"}],"version-history":[{"count":36,"href":"https:\/\/xn--schtzenhaus-oftersheim-ulc.com\/index.php?rest_route=\/wp\/v2\/pages\/662\/revisions"}],"predecessor-version":[{"id":788,"href":"https:\/\/xn--schtzenhaus-oftersheim-ulc.com\/index.php?rest_route=\/wp\/v2\/pages\/662\/revisions\/788"}],"wp:attachment":[{"href":"https:\/\/xn--schtzenhaus-oftersheim-ulc.com\/index.php?rest_route=%2Fwp%2Fv2%2Fmedia&parent=662"}],"curies":[{"name":"wp","href":"https:\/\/api.w.org\/{rel}","templated":true}]}}